-c1 + 1?
-c0
In base 14, what is -2 - -853?
851
In base 16, what is 6c + -f?
5d
In base 14, what is -13 - 1a?
-2d
In base 15, what is 5 - -814?
819
In base 8, what is 2717 + 2?
2721
In base 9, what is -2 - 67?
-70
In base 9, what is -4 - -3?
-1
In base 15, what is 5 - -1421?
1426
In base 12, what is 230 - 1?
22b
In base 10, what is -1 + -59?
-60
In base 10, what is 165 - -3?
168
In base 5, what is -131103 - 0?
-131103
In base 7, what is 106 + 343?
452
In base 12, what is b3 + b?
102
In base 11, what is -8 + -3a?
-47
In base 9, what is -100 + 5?
-84
In base 13, what is -43 + 0?
-43
In base 11, what is -378 + 2?
-376
In base 14, what is -5d37 + 1?
-5d36
In base 7, what is 302 - 25?
244
In base 4, what is -1032 - 3221?
-10313
In base 10, what is -10 + 1?
-9
In base 12, what is -8 - -74b?
743
In base 8, what is 26 - 7?
17
In base 16, what is -489 + 1?
-488
In base 7, what is -1 - 530?
-531
In base 13, what is -1b - 2?
-20
In base 2, what is 1001 + -100?
101
In base 10, what is 239 - -3?
242
In base 7, what is 435 - -111?
546
In base 16, what is 4a - 2?
48
In base 7, what is 0 - 63?
-63
In base 3, what is 100 + -120?
-20
In base 16, what is 11 + 33?
44
In base 2, what is -110 - 10111111?
-11000101
In base 10, what is 29 - 27?
2
In base 4, what is 1121 - 222?
233
In base 16, what is -1ce - -5?
-1c9
In base 9, what is 10 + 6?
16
In base 2, what is 1000 + 10000?
11000
In base 12, what is -26 + -113?
-139
In base 11, what is -14 + 157?
143
In base 10, what is -417 - -12?
-405
In base 8, what is 4 + -61?
-55
In base 8, what is -2 - -64?
62
In base 5, what is 10 + 20?
30
In base 13, what is 15 - -17?
2c
In base 4, what is -1 - 12231?
-12232
In base 12, what is -6141 - 5?
-6146
In base 15, what is 1e6d - -5?
1e73
In base 14, what is 0 + 278?
278
In base 3, what is -2 + -12111?
-12120
In base 2, what is 100 + 10011000?
10011100
In base 7, what is 2005 + -4?
2001
In base 11, what is 25 + -16?
a
In base 8, what is -512 - -1?
-511
In base 3, what is 11120 - 1?
11112
In base 5, what is 3142 + 33?
3230
In base 15, what is ac1 + -5?
abb
In base 11, what is 19 - 105?
-97
In base 2, what is -110101100 - -11?
-110101001
In base 15, what is -1 + -3c7?
-3c8
In base 16, what is -152 + d?
-145
In base 5, what is -10 + 123?
113
In base 13, what is -50 + 1?
-4c
In base 4, what is -20101 + -3?
-20110
In base 3, what is -1202 - 2111?
-11020
In base 15, what is -811 - -2?
-80e
In base 10, what is -150 + 5?
-145
In base 2, what is 10 - 100011100?
-100011010
In base 3, what is -1121 + -11?
-1202
In base 2, what is -11 + 1101000?
1100101
In base 13, what is 6c6 + -3?
6c3
In base 16, what is -11 + 0?
-11
In base 10, what is -173 + -48?
-221
In base 8, what is -62 - 3?
-65
In base 13, what is 1 - -6c5?
6c6
In base 14, what is -4 - 18?
-1c
In base 10, what is 57 + 490?
547
In base 3, what is -1 + -200?
-201
In base 16, what is a - -10?
1a
In base 11, what is -4 + 339?
335
In base 15, what is -5 - -d7?
d2
In base 10, what is 27 - -5?
32
In base 14, what is -1 - -4?
3
In base 11, what is 0 + -83?
-83
In base 3, what is 100112 + 1210?
102022
In base 13, what is 120 + 1?
121
In base 11, what is 248 + 65?
302
In base 3, what is -22212 - -1002?
-21210
In base 16, what is f06 - 4?
f02
In base 8, what is 7 + -14?
-5
In base 14, what is 110 + 3?
113
In base 7, what is 5 - -250?
255
In base 6, what is 400 - -3?
403
In base 10, what is 1 + 404?
405
In base 4, what is -21231 - -1?
-21230
In base 11, what is 3378 + 3?
3380
In base 6, what is -113 - 33?
-150
In base 3, what is 11 + 201112?
201200
In base 16, what is -1 + 66?
65
In base 12, what is -12 - -104?
b2
In base 2, what is 1100111001 - 110?
1100110011
In base 9, what is -6 + 4410?
4403
In base 6, what is 5400 + 1?
5401
In base 14, what is -1d3 + -3?
-1d6
In base 11, what is -5152 + 1?
-5151
In base 16, what is 81 - -3?
84
In base 6, what is -2 - 1021?
-1023
In base 7, what is 40 + -522?
-452
In base 7, what is -10425 + -2?
-10430
In base 8, what is 0 - -262?
262
In base 12, what is 443 + 7?
44a
In base 15, what is 904 - -3?
907
In base 3, what is 210001 + 1?
210002
In base 12, what is 89 - -9?
96
In base 15, what is -63 + 5?
-5d
In base 11, what is 4530 + 1?
4531
In base 9, what is 430 + 6?
436
In base 7, what is 4 - 140?
-133
In base 5, what is 244 - -1?
300
In base 14, what is 5 - -b?
12
In base 6, what is 40223 - 1?
40222
In base 10, what is -2 + -1?
-3
In base 7, what is 121 - -14?
135
In base 5, what is -4 - 4241?
-4300
In base 13, what is -c2a + 0?
-c2a
In base 3, what is 10 - -1000?
1010
In base 15, what is 2 - 348?
-346
In base 9, what is -505 + 1?
-504
In base 5, what is -10 + -4110?
-4120
In base 2, what is -1001011001 - -1?
-1001011000
In base 3, what is -12 + 11112?
11100
In base 14, what is 8dc - 1?
8db
In base 4, what is -1031 + 13?
-1012
In base 9, what is 25 - -11?
36
In base 5, what is 143 - -13?
211
In base 7, what is -130 + -4?
-134
In base 11, what is 24 + 0?
24
In base 13, what is 5 + -1a8?
-1a3
In base 13, what is 0 - 27c?
-27c
In base 8, what is -4373 + -4?
-4377
In base 4, what is 0 + -1200130?
-1200130
In base 3, what is -1022211 - -2?
-1022202
In base 9, what is 1058 - 4?
1054
In base 10, what is -4 + -300?
-304
In base 14, what is -258 + -2?
-25a
In base 13, what is 3a5 + b?
3b3
In base 10, what is -2547 + 2?
-2545
In base 4, what is -1210233 + -1?
-1210300
In base 12, what is -234 - 4?
-238
In base 16, what is -7 - -3d?
36
In base 14, what is -2 + -1894?
-1896
In base 6, what is -130 - 131?
-301
In base 12, what is 5 - 130?
-127
In base 15, what is -1 - b1b?
-b1c
In base 16, what is -28 - d3?
-fb
In base 12, what is -3 - 8?
-b
In base 10, what is -8979 + -4?
-8983
In base 8, what is 17 - 420?
-401
In base 3, what is -122 - -1011110?
1010211
In base 7, what is -263 + 201?
-62
In base 7, what is -413 - 1?
-414
In base 4, what is 3110 + 10?
3120
In base 14, what is -1 + -aa?
-ab
In base 7, what is -243 + -30?
-303
In base 8, what is 5 + -141?
-134
In base 11, what is -2 + 159?
157
In base 7, what is 3 + 2653?
2656
In base 7, what is -3 + 3066?
3063
In base 11, what is -31 - -1?
-30
In base 12, what is -29a21 - -5?
-29a18
In base 11, what is 56 + -3?
53
In base 13, what is 18 + -3?
15
In base 15, what is 222 - 3?
21e
In base 3, what is 12 - 10010000?
-10002211
In base 11, what is -38 + 11?
-27
In base 14, what is -4 + 296?
292
In base 7, what is -4 + -6066?
-6103
In base 5, what is -10 + -3?
-13
In base 13, what is 37 + 30?
67
In base 9, what is -56 + -1?
-57
In base 15, what is 3 + -7a?
-77
In base 4, what is 11 - 2203?
-2132
In base 5, what is -201 - -14?
-132
In base 3, what is -1001 + -1210?
-2211
In base 12, what is -84 - -4?
-80
In base 11, what is 3 + 14a6?
14a9
In base 10, what is 83 + -6?
77
In base 5, what is -330 + 12?
-313
In base 15, what is -ac + 5?
-a7
In base 8, what is 372 - 0?
372
In base 8, what is -20 + 260?
240
In base 2, what is 100 - 10011001011?
-10011000111
In base 14, what is 0 + 8b?
8b
In base 4, what is 13 - 332?
-313
In base 3, what is 20001 + -12?
12212
In base 9, what is 2 - 4664?
-4662
In base 8, what is 1 + 767?
770
In base 14, what is -204 - -22?
-1c2
In base 6, what is -252 - -10?
-242
In base 6, what is -123 + -1?
-124
In base 13, what is 32a - 12?
318
In base 10, what is 1536 + 1?
1537
In base 3, what is -100 + 202?
102
In base 6, what is -1244 + -14?
-1302
In base 5, what is 232 - 4?
223
In base 11, what is -4 + 533?
52a
In base 16, what is -2 - 1ac?
-1ae
In base 4, what is 11 + -1021?
-1010
In base 3, what is 12 + -11221?
-11202
In base 16, what is -e9e - -2?
-e9c
In base 2, what is 100 - 1111100?
-1111000
In base 14, what is 4 - -a9?
ad
In base 2, what is 10 + 111001001011?
111001001101
In base 15, what is -544 + 8?
-53b
In base 2, what is 10011111001 + 100?
10011111101
In base 14, what is -2 - 292?
-294
In base 15, what is 1d + 16?
34
In base 9, what is 3 + 60?
63
In base 15, what is 14e - -4?
153
In base 15, what is 1469 - -2?
146b
In base 12, what is -5 - -12?
9
In base 4, what is 233 + 11?
310
In base 6, what is -12543 - 10?
-12553
In base 11, what is 199 + 4?
1a2
In base 3, what is 12 + -21021?
-21002
In base 11, what is 9a8 + 0?
9a8
In base 11, what is -37 + 5?
-32
In base 6, what is -22 + 2344?
2322
In base 13, what is 370 + -1?
36c
In base 6, what is -2 - 1331